 4*b + 3*b**2 - 5*b**2. Calculate the remainder when v(-4) is divided by t.
12
Suppose 2*l + 9 = 3*v, -l + 6 = 3*l + 2*v. Let z = 1 + l. Calculate the remainder when 2 is divided by z.
0
Let r(t) = 34*t**2 + 2*t - 1. Calculate the remainder when 102 is divided by r(1).
32
Let t = 128 + -88. Calculate the remainder when t is divided by 11.
7
Suppose s + 2 = 2*s. Let m be 4/(-6)*15/s. Let w(o) = -o + 7. Calculate the remainder when 34 is divided by w(m).
10
Let a(r) = 4*r**2 + r - 51. Calculate the remainder when a(-7) is divided by 28.
26
Let o = -14 + 20. Let d = -4 + o. Suppose -l + 2*c = -6, 0 = 5*l - d*c - 8 - 14. What is the remainder when 6 is divided by l?
2
Suppose 19*k - 260 = 18*k. Calculate the remainder when k is divided by 29.
28
Let j = 92 + -44. Calculate the remainder when j is divided by 14.
6
Let i(c) = 21*c - 17. Calculate the remainder when i(3) is divided by 2.
0
Let l = 14 - 3. What is the remainder when 64 is divided by l?
9
Suppose 0 = 2*u, 2*n + 2*n - 252 = 5*u. Let a = n + -31. What is the remainder when a is divided by 11?
10
Let g(s) be the third derivative of -s**6/120 + 7*s**5/60 + s**4/8 + 5*s**3/6 + 3*s**2. What is the remainder when g(7) is divided by 9?
8
Let m = 21 - -3. Calculate the remainder when 47 is divided by m.
23
Let x(o) = o**2 - 8*o + 8. Let p(b) = -b**2 - 7*b + 3. Let c be p(-6). What is the remainder when x(c) is divided by 6?
5
Suppose -2*j + 7 = -1. Suppose -2*m - 8 = -2*w - 6*m, w - 4 = j*m. Suppose -24 = p - 5*p. Calculate the remainder when p is divided by w.
2
Let i = -7 + 5. Let g be (i - (-9)/6)*-4. Suppose 5*o = -15, -5*r + g*o + 86 = -30. Calculate the remainder when r is divided by 8.
6
Let l(r) = 36*r**3. Let y be l(1). Suppose -4*g + 5*d + 72 = 0, -y = -2*g - 2*d - 0*d. Calculate the remainder when g is divided by 10.
8
Suppose 5 = 5*w, -5 = -3*r - 5*w + 3. Suppose 3*f - 2*f + r = 0. Let c(y) = 27*y**2 - y. What is the remainder when c(f) is divided by 10?
8
Let j be (-616)/(-12) + 4/6. Let k = j + -26. Calculate the remainder when 51 is divided by k.
25
Let l be 40/6 + (-2)/3. Let t(w) = w**3 - 5*w**2 - w - 2. What is the remainder when t(l) is divided by 15?
13
Suppose 4*c - 25 = -1. Calculate the remainder when (1/3)/(c/72) is divided by 3.
1
Let l be -1 + 1 - 4/(-2). Calculate the remainder when 2*(1 - l) + 6 is divided by 3.
1
Let f = 18 + -26. Let h = f - -12. Calculate the remainder when 11 is divided by h.
3
Let x(p) = -4*p - 9. Let g be x(-7). Let a be g/7 - (-4)/14. Suppose 2*f + 32 = a*f + b, 178 = 5*f - 4*b. Calculate the remainder when f is divided by 18.
16
Let k = -49 + 90. What is the remainder when 161 is divided by k?
38
Let a = 12 - 11. Calculate the remainder when 2 is divided by a.
0
Let a = 2 + -6. Let l be 17/5 - a/(-10). Suppose -3*w + 90 = l*x, 2*w + 3*x - 60 = -0*x. What is the remainder when w is divided by 16?
14
What is the remainder when (-2 - -7 - 0)/(1/2) is divided by 7?
3
Let f = -972 - -1454. Suppose 154 = -4*x + f. Calculate the remainder when x is divided by 17.
14
Calculate the remainder when 147/2 + 2*(-5)/20 is divided by 25.
23
Let a = -11 - -17. Let m be 16/a*(-12)/(-8). Suppose y + n + m*n - 30 = 0, -5*y - 5*n + 50 = 0. Calculate the remainder when y is divided by 2.
1
Let u = 12 + -6. What is the remainder when 34 is divided by u?
4
Suppose -4*u + 36 = 4*p, 21 = 3*p + 6*u - u. What is the remainder when 46 is divided by p?
10
Let u = -18 - -20. Let y = u - -73. Calculate the remainder when y is divided by 19.
18
Let q be 6 + -2 + 2 + -2. Suppose -q*j + 6*j = 2*y - 54, -j - 105 = -4*y. Calculate the remainder when y is divided by 9.
8
Let s = 44 + -29. Let y = 4 - 5. Calculate the remainder when s is divided by y/(6/(-16))*3.
7
Calculate the remainder when ((-231)/28)/(9/(-48)) is divided by 23.
21
Let a(c) = -6*c - 27. Calculate the remainder when 46 is divided by a(-9).
19
Suppose 2*h - 2*d + 974 = 4*h, -4*h = -d - 1933. Suppose 0 = -4*s + h. What is the remainder when s is divided by 31?
28
Suppose 2*m + 5*b = -7, -5*m + 4*b + 24 = -8. What is the remainder when m is divided by 1?
0
Let j = 22 - -25. Suppose -32 = -w + 5*r - r, -3*r = 12. What is the remainder when j is divided by w?
15
Suppose -2*n - 3*n - 4*f + 76 = 0, 2*n + 3*f - 36 = 0. What is the remainder when 57 is divided by n?
9
What is the remainder when 14 is divided by (5 - 3 - -3)*1?
4
Let n = 13 - 7. Suppose 0 = 4*l - 3*h - 25, 55 = -3*l + n*l + 5*h. What is the remainder when l is divided by 6?
4
Let f = 17 + 59. What is the remainder when f is divided by 20?
16
Let d = 0 - -3. Let n be 2/6*d*-25. Let r = n + 53. What is the remainder when r is divided by 10?
8
Suppose 4*y - 112 = -0*y. Suppose 0 = -o + 3*o + 2*x - y, -5*o + 91 = -2*x. Calculate the remainder when 48 is divided by o.
14
Let t(i) = -9 + 0*i - 9*i**2 + 5*i + 10*i**2. Let l be t(-7). Suppose l*d - 26 = -2*a, -2*a - 3*d = -5*a - 3. What is the remainder when a is divided by 2?
1
Let a = 36 + -1. Calculate the remainder when a is divided by 12.
11
Let m = 72 + -40. Calculate the remainder when 157 is divided by m.
29
Suppose x - 53 = -k - 3*k, -3*k = x - 40. Let h = k - 8. Let l(n) = n + 14. Calculate the remainder when l(-6) is divided by h.
3
Let o = -1 - 3. Let i(h) = 2*h**2 + 4*h - 2. Calculate the remainder when 27 is divided by i(o).
13
Suppose 0 = -3*r - 6, -r = -5*n - 5*r - 3. Let u = 40 + n. What is the remainder when u is divided by 11?
8
Let x = -3 + 6. Let z be (12 - 3/x) + 1. Suppose -z = -3*r + 24. What is the remainder when r is divided by 7?
5
Let d(k) = 8*k - 54. Let c be -1 + (36 - (3 - 1)). Suppose -s + c = 3*o, -32 = o - 3*o - 4*s. What is the remainder when d(9) is divided by o?
8
Calculate the remainder when 39 + (-1 + 10)/3 is divided by 11.
9
Suppose 5*o - 6*b + 3*b = 114, -78 = -3*o + 5*b. What is the remainder when 55 is divided by o?
13
Suppose -1 = 2*q + 3. Let c be q - 4/2*-1. Suppose -3*w + c*w = t + 5, -5 = -2*t - 3*w. Calculate the remainder when t is divided by 3.
1
Suppose -4*k = -9*k + 15. Suppose 43 = k*b - 83. Calculate the remainder when b is divided by 137/9 - (-4)/(-18).
12
Let z(w) = 41*w - 17. Calculate the remainder when z(4) is divided by 50.
47
Suppose -43 = -4*u - 2*k - 5, 2*u = -2*k + 18. Suppose 4 = 2*z - u. Suppose p - 19 = -0*p. Calculate the remainder when p is divided by z.
5
Suppose -459*n = -462*n + 27. Calculate the remainder when 37 is divided by n.
1
Let w(z) = -z**2 + 10*z + 13. Suppose 3*f = 2*r - 7, 3*f = r - 4*r + 18. Calculate the remainder when w(10) is divided by r.
3
Let h(i) = -i + 7. Let w be h(4). Let k(t) = -t**3 + 4*t**2 - t. Calculate the remainder when k(w) is divided by 4.
2
Let n = 46 - 14. Let g = -15 + n. What is the remainder when 65 is divided by g?
14
Let z be 1/2 - (-13)/(-2). Let i = -8 + 11. What is the remainder when (-2)/6 - 50/z is divided by i?
2
Let s be 1 - 6/(-2 - 1). Suppose -2*g = -s*g + 3. Suppose 0 = 5*m + g*n - 154, 2*m = -m - 4*n + 99. Calculate the remainder when m is divided by 10.
9
Let u(x) = x**2 + 5*x - 2. What is the remainder when 34 is divided by u(-7)?
10
What is the remainder when 72 is divided by (2 + -1)/((-5)/(-75))?
12
Calculate the remainder when 54 is divided by (3 + 0)*(0 - (-28)/6).
12
Let g(w) = 6*w + 2*w**2 + 1 + 0 + 2*w**2 + 0*w. Suppose -3*q + 9 = -33. Calculate the remainder when g(-4) is divided by q.
13
Suppose 4*r - 20 = -r. Suppose -3*a = 2*s + 2*s - 62, -36 = -2*s - r*a. Calculate the remainder when ((-1)/(12/160))/(3/(-9)) is divided by s.
12
Suppose 15 + 69 = 4*u. What is the remainder when u is divided by 13?
8
Let z(c) = c**3 - 13*c**2 - 12*c - 8. What is the remainder when 58 is divided by z(14)?
18
Suppose 90*f = 101*f - 110. What is the remainder when f is divided by (0 - 1 - -3) + 1?
1
Let m(t) = 13*t**2 - 4*t + 3. Let k be m(3). Suppose 0*g = 3*g - k. Suppose 2*u = 2*j + g, 2*u = 4*j + 51 - 5. Calculate the remainder when 38 is divided by u.
12
Suppose -4*g + g + 18 = 0. Calculate the remainder when 34 is divided by 152/12 + (-4)/g.
10
Let d(b) = b + 4. Let i be d(-7). Let u(j) = -j**2 - 8*j - 3. Calculate the remainder when 23 is divided by u(i).
11
Let i be 5 + -3*2/(-6). Let z(p) = 2*p - 1. Calculate the remainder when 32 is divided by z(i).
10
Suppose -5*f + 0*f = -25. Let